{"id":10,"date":"2019-10-05T20:06:36","date_gmt":"2019-10-05T20:06:36","guid":{"rendered":"http:\/\/judithkonig.de\/?page_id=10"},"modified":"2021-08-01T17:02:44","modified_gmt":"2021-08-01T17:02:44","slug":"about","status":"publish","type":"page","link":"https:\/\/judithkonig.de\/?page_id=10","title":{"rendered":"About"},"content":{"rendered":"\n<p>Als echtes &#8222;Landei&#8220; aus Mittelhessen machte ich mich nach dem Abitur auf die Reise. Auf der Kanalinsel Guernsey arbeitete ich in einem Hotelrestaurant im Service und habe neben Englisch ziemlich viel f\u00fcrs Leben gelernt.<\/p>\n\n\n\n<p>Die Ausbildung zur Fotografin brachte mich zun\u00e4chst zur\u00fcck nach Wetzlar, die weitere journalistische Ausbildung (zur Bildredakteurin) anschlie\u00dfend in den Schwarzwald. Der erste Job als Fotoredakteurin f\u00fchrte mich zu einem innovativen, inspirierenden Team nach Frankfurt am Main, mit dem ich zusammen zum Mutterverlag nach Hamburg umgezogen bin. In die sch\u00f6nste Stadt Deutschlands.<\/p>\n\n\n\n<p>Famili\u00e4re Umst\u00e4nde riefen mich wieder nach Mittelhessen und nach ein paar selbst\u00e4ndigen Jahren als Fotografin und Bildredakteurin wurde ich durch Zufall f\u00fcrs internationale Marketing entdeckt. Hier kann ich mein Organisationstalent, mein Faible f\u00fcr Gestaltung und Texten und au\u00dferdem mein Interesse f\u00fcr Sprachen ausleben. <\/p>\n\n\n\n<p>In meiner Freizeit treibe ich gerne Sport, lese oder \u00fcbe zeichnen.<\/p>\n\n\n\n<div class=\"wp-block-image\"><figure class=\"alignleft\"><img loading=\"lazy\" decoding=\"async\" width=\"1024\" height=\"1024\" src=\"https:\/\/judithkonig.de\/wp-content\/uploads\/2019\/10\/IMG_3305-1024x1024.jpg\" alt=\"Judith mit Boxer Polly\" class=\"wp-image-29\" srcset=\"https:\/\/judithkonig.de\/wp-content\/uploads\/2019\/10\/IMG_3305-1024x1024.jpg 1024w, https:\/\/judithkonig.de\/wp-content\/uploads\/2019\/10\/IMG_3305-150x150.jpg 150w, https:\/\/judithkonig.de\/wp-content\/uploads\/2019\/10\/IMG_3305-300x300.jpg 300w, https:\/\/judithkonig.de\/wp-content\/uploads\/2019\/10\/IMG_3305-768x768.jpg 768w, https:\/\/judithkonig.de\/wp-content\/uploads\/2019\/10\/IMG_3305-100x100.jpg 100w, https:\/\/judithkonig.de\/wp-content\/uploads\/2019\/10\/IMG_3305.jpg 1280w\" sizes=\"auto, (max-width: 767px) 89vw, (max-width: 1000px) 54vw, (max-width: 1071px) 543px, 580px\" \/><figcaption>Judith mit Boxer-H\u00fcndin Polly \u2020<\/figcaption><\/figure><\/div>\n\n\n\n<p>Als als echter Marketing-Hund hatte meine Polly nat\u00fcrlich in ihrer Lebenszeit ein eigenes Instagram-Profil. Wen&#8217;s interessiert, die Bilder sind noch sichtbar: @boxerpolly.<\/p>\n","protected":false},"excerpt":{"rendered":"<p>Als echtes &#8222;Landei&#8220; aus Mittelhessen machte ich mich nach dem Abitur auf die Reise. Auf der Kanalinsel Guernsey arbeitete ich in einem Hotelrestaurant im Service und habe neben Englisch ziemlich viel f\u00fcrs Leben gelernt. Die Ausbildung zur Fotografin brachte mich zun\u00e4chst zur\u00fcck nach Wetzlar, die weitere journalistische Ausbildung (zur Bildredakteurin) anschlie\u00dfend in den Schwarzwald. Der &hellip; <\/p>\n<p class=\"link-more\"><a href=\"https:\/\/judithkonig.de\/?page_id=10\" class=\"more-link\"><span class=\"screen-reader-text\">\u201eAbout\u201c<\/span> weiterlesen<\/a><\/p>\n","protected":false},"author":1,"featured_media":0,"parent":0,"menu_order":0,"comment_status":"closed","ping_status":"closed","template":"","meta":{"footnotes":""},"class_list":["post-10","page","type-page","status-publish","hentry"],"_links":{"self":[{"href":"https:\/\/judithkonig.de\/index.php?rest_route=\/wp\/v2\/pages\/10","targetHints":{"allow":["GET"]}}],"collection":[{"href":"https:\/\/judithkonig.de\/index.php?rest_route=\/wp\/v2\/pages"}],"about":[{"href":"https:\/\/judithkonig.de\/index.php?rest_route=\/wp\/v2\/types\/page"}],"author":[{"embeddable":true,"href":"https:\/\/judithkonig.de\/index.php?rest_route=\/wp\/v2\/users\/1"}],"replies":[{"embeddable":true,"href":"https:\/\/judithkonig.de\/index.php?rest_route=%2Fwp%2Fv2%2Fcomments&post=10"}],"version-history":[{"count":15,"href":"https:\/\/judithkonig.de\/index.php?rest_route=\/wp\/v2\/pages\/10\/revisions"}],"predecessor-version":[{"id":73,"href":"https:\/\/judithkonig.de\/index.php?rest_route=\/wp\/v2\/pages\/10\/revisions\/73"}],"wp:attachment":[{"href":"https:\/\/judithkonig.de\/index.php?rest_route=%2Fwp%2Fv2%2Fmedia&parent=10"}],"curies":[{"name":"wp","href":"https:\/\/api.w.org\/{rel}","templated":true}]}}